 the first derivative of -z**6/120 - z**4/24 - z**3/3 - z**2 + 3. Let k(c) be the second derivative of d(c). What are the prime factors of k(-2)?
2
Let c = -3 + -5. Let a(f) = f**3 + 7*f**2 - 7*f + 11. Let p be a(c). Suppose 0 = 4*j - 3*j - n + 1, -p*n = -2*j - 7. List the prime factors of j.
2
Let d(h) = -h**2 + 7*h + 11. Let g be d(8). Suppose -96 = -g*p - o, 0*o = -5*p + 4*o + 177. Suppose -3 - p = -3*u. What are the prime factors of u?
2, 3
Suppose 0 = 3*k - 2*l + 14, k - 3*k = 3*l - 8. Let r be (-6)/(-4)*(-4)/k. Suppose a + 0*s - r*s - 27 = 0, -2*a + s = -29. What are the prime factors of a?
2, 3
Let b(u) = -8*u**3 - 2*u + 1. Let j be b(1). Let p(t) = t**2 + 6*t + 4. What are the prime factors of p(j)?
31
Let s = -48 + 166. What are the prime factors of s?
2, 59
Suppose -4*c - 3*g = -135, 4*c = -g + 61 + 80. What are the prime factors of c?
2, 3
Let g(j) be the third derivative of j**6/120 - 11*j**5/60 - j**4/24 + 5*j**3/6 - j**2. Let x be g(11). List the prime factors of 1 + -1 - 48/x.
2
Let z = -8 - -18. Suppose -z = -3*d + 17. What are the prime factors of d?
3
Let t(f) = -f**2 - 7*f - 5. Let c be t(-6). What are the prime factors of 2/(-3 + c)*-8?
2
Let b = -123 + 183. Suppose 6*n - n = b. List the prime factors of n.
2, 3
Let q(k) = 0 - 2*k - 1 + 5. Let v be q(-4). Suppose -z + 3*z = v. What are the prime factors of z?
2, 3
Let x(s) = -s**2 + 5*s - 1. Suppose 0 = 3*c - 2*u - 8, 4*c = -c + 2*u + 16. Let j be x(c). List the prime factors of (18/(-8))/(j/(-8)).
2, 3
Suppose -5*w - 1 + 21 = 0. Let s be (-2 - -3) + w/(-1). Let m = 6 + s. What are the prime factors of m?
3
Let b(v) = -6*v**3 - 1. Let h be b(-1). Suppose 2*x - h*y = -51, 3*x - 2*y - y + 54 = 0. Let f = 21 + x. What are the prime factors of f?
2
Suppose 0 = 2*l - 4*l + 2. Suppose i - 11 = -q + 4*i, -i = q + l. Suppose 22 = -o + q*o. What are the prime factors of o?
2, 11
Suppose -2*h + 25 = 3*h. Suppose 5*t - 55 + h = 0. What are the prime factors of (-6)/15 - (-104)/t?
2, 5
Let p be ((-7)/3)/((-8)/(-96)). Let r = -16 - p. What are the prime factors of r?
2, 3
Let i(q) = 9*q**2 - 2 + 2. Suppose 2*d + 4*v + v + 3 = 0, -3*d = -v - 4. What are the prime factors of i(d)?
3
Let d(b) be the second derivative of b**3/6 - b**2 + 2*b. Let u be d(6). Let c(i) = i**2 - i + 2. List the prime factors of c(u).
2, 7
Let f(m) = 7*m - 7. Let h be f(6). Let t = h + 9. What are the prime factors of t?
2, 11
Suppose 4*u + 294 = -2*o, -4*u + 2*o - 297 = 3*o. Let c = 9 - 3. List the prime factors of (u/c)/(-5)*2.
5
List the prime factors of (3080/(-84))/(1 - (-7)/(-6)).
2, 5, 11
Let t(g) = -g + 9. Let a be t(4). Suppose -a*y = -y + 3*f - 34, 5*f = -10. What are the prime factors of y?
2, 5
Suppose 12 = v + 6. Let j = v - -14. List the prime factors of j.
2, 5
Let m(h) be the third derivative of -h**5/60 + 3*h**4/8 - h**3/2 + 4*h**2. Let d(s) = s + 2. Let p be d(3). List the prime factors of m(p).
17
Suppose -w + 3 = 1. Suppose -2*c = -3*h - 44, -5*h = 8*c - 6*c - 12. Suppose -w*f + c = -0*f. List the prime factors of f.
2
Let v(n) = -5*n**3 - 2*n**2 - 16*n - 7. Let k(a) = -4*a**3 - 3*a**2 - 15*a - 7. Let o(x) = -6*k(x) + 5*v(x). List the prime factors of o(9).
2
Suppose -28 = -2*v + 5*a, 0*v - 4 = 2*v + 3*a. List the prime factors of v.
2
List the prime factors of (-32)/(1 - -1)*-2.
2
Suppose 921 + 111 = 8*a. List the prime factors of a.
3, 43
Let r be 45/20 - (-2)/(-8). Suppose 2*w + r*t - 18 = 0, -t - 21 = -5*w - 0*t. Suppose o = -4*l + 11, 0 = 5*o - 0*o + w*l - 40. List the prime factors of o.
7
Let q(j) = j**3 - 7*j**2 - 8*j + 5. Let p be q(8). Suppose -p*m - 18 + 73 = 0. List the prime factors of m.
11
Let r(d) = -d**3 + 3*d**2 + 3*d + 4. Let y be r(4). Suppose -m + y*m + 4*z = 3, -m + 2*z = 5. Let i = m + 13. List the prime factors of i.
2, 3
Let l(n) = n**2 - 12*n + 7. Let b(t) = -2*t**3 - t**2 + 2*t + 1. Let x be b(-2). Let r be l(x). List the prime factors of (-2 - r) + 2/2.
19
List the prime factors of (4 - 50/6)*-9.
3, 13
Let k(j) = -2*j + 17 + 4*j - 3*j. List the prime factors of k(5).
2, 3
Let w be (6/18)/((-1)/(-12)). Let y = 3 + w. List the prime factors of y.
7
Let d be (1 + 0)*(0 - 17). Let r = 37 + d. Suppose 7*y - r = 2*y. What are the prime factors of y?
2
Let i = -119 - -264. List the prime factors of i.
5, 29
Let q(f) = -5. Let u(a) = -a + 6. Let l(p) = p**2 - 5*p - 1. Let m be l(6). Let g(j) = m*q(j) + 4*u(j). List the prime factors of g(-2).
7
Let h = 265 + -188. What are the prime factors of h?
7, 11
Suppose 128 + 4 = 2*l. Suppose -2*a - m - 2 = 0, 2*m + 4 = 5*a - a. Suppose 4*t + 6 - l = a. What are the prime factors of t?
3, 5
Let l = -21 + 29. Suppose m - 3*r - 1 = 0, 5*m - 61 = 3*r - l. List the prime factors of m.
13
Suppose -5*q + w + 257 = 0, 2 = w - 1. Suppose -b - 5 = -5*m + q, 12 = 2*m + 5*b. What are the prime factors of m?
11
Suppose -u - 4*c = 3*u - 308, 3*c = 2*u - 134. List the prime factors of u.
73
Suppose -5*v - 4*i + 3 = 0, 3*v + i = 4*v - 6. Suppose v*d = -o + 16, 4 = -4*d + 3*o + 21. Suppose 4*z - d*z + 10 = 0. What are the prime factors of z?
2, 5
Suppose -4*k = -16, 3*k - 14 = -a - 1. Suppose 0 = -2*j + 11 + a. List the prime factors of j.
2, 3
Suppose 0 = -5*v - 3*q + 1, v - 3*q - 11 = -0. List the prime factors of v.
2
What are the prime factors of 3/(-1) + 24*3?
3, 23
Let b(v) = -v**2 - 6*v + 10. Let w be b(-7). Suppose w*c + 4*s - 30 = 0, -4*c + 3*c = 4*s - 18. What are the prime factors of (c/4)/(12/104)?
13
Let s(h) = -4*h**2 + 3*h + 1. Let q be s(-2). Let t = q + 41. What are the prime factors of t?
2, 5
Let j(s) = -s**3 + 6*s**2 - 7*s - 6. Let h be j(6). Let d = h - -33. Let i = -9 - d. What are the prime factors of i?
2, 3
Let g be (-22)/(-4)*2/1. Suppose n + 5*q + g = 0, -2*q + 1 - 6 = n. Let c = n - -4. What are the prime factors of c?
3
Let x(i) = 2*i**2 - 18*i + 17. Let w(a) = a**2 - 9*a + 9. Let t(f) = 7*w(f) - 3*x(f). What are the prime factors of t(11)?
2, 17
Let v = -6 - -10. Suppose -x + u = -7, -11 = -5*x - v*u + u. Suppose -x*l = w - 5, w - 2*l = -7*l + 4. List the prime factors of w.
3
Let s be ((-3)/6)/((-2)/84). Suppose 3*u = 4*u - s. Suppose -3*w + u + 0 = 0. List the prime factors of w.
7
Let d(i) = -4*i - 8. List the prime factors of d(-5).
2, 3
Let n(h) = -h**3 - 6*h**2 - 2*h - 7. Let o be n(-6). Suppose 7*v = o*v + 86. List the prime factors of v.
43
Suppose 2*y + 6 = -4. Let c = 10 + y. Suppose 0 = -4*k + c + 7. List the prime factors of k.
3
List the prime factors of (-2)/6 - (-276)/18.
3, 5
Suppose -z + 174 = 2*z. Let d = z + 22. What are the prime factors of d/(-15)*3/(-2)?
2
Let c(x) be the third derivative of -x**6/120 + 2*x**5/15 + x**3/3 + 5*x**2. Let h(i) = -i**2 - 8*i - 4. Let b be h(-6). List the prime factors of c(b).
2
Let x = -63 - -91. List the prime factors of x.
2, 7
Suppose -3*s + 5*o + 58 = 0, -2*o + 3*o = -3*s + 28. What are the prime factors of s?
11
Suppose -4*m - m = 4*u - 117, -2*m + 54 = -2*u. Let x = m - 6. Suppose 0 = 3*n - 14 - x. What are the prime factors of n?
11
Let n be 4*((-15)/(-6) - 2). Let q = 0 + n. Let h(k) = 4*k. List the prime factors of h(q).
2
Let a = -2 + 7. Suppose -3*k + 2*l + 3*l = 25, -2*k - 25 = -a*l. Suppose -x - g + 8 = -k*x, 0 = 2*x + g - 18. What are the prime factors of x?
2, 5
Let p be ((-4)/6 - 0)*6. Let o = -8 - p. Let d(t) = -4*t - 4. What are the prime factors of d(o)?
2, 3
Let h = 1 + 29. Suppose -5 + h = k. List the prime factors of k.
5
Let w be (-18)/8*(-10 - -6). Let y be (-363)/w - 2/(-6). Let t = y - -57. List the prime factors of t.
17
Let c = 1 + -3. Let h = 4 + c. Suppose -4*t = 5*g - 49, 5*g + 0*g = h*t + 73. What are the prime factors of g?
13
Let o(k) = -15*k + 47. What are the prime factors of o(-14)?
257
Let p(d) = -d**2 + 5*d - 1. Let c be p(4). Suppose 1 = 3*x + n - 1, -c*x + 3*n + 18 = 0. Let b = 13 - x. What are the prime factors of b?
11
Suppose -x - x + 22 = 0. Suppose -12*m + 16*m - 12 = 0. Let l = x - m. List the prime factors of l.
2
Suppose -5*j + 14 = 4*n + 6, 4*n - 8 = 0. Suppose j = 4*b - 17 + 1. What are the prime factors of b?
2
Suppose 0 = 3*v - 2*v. Suppose 2*s - 3*m - 1 = 0, -5*s - 3*m - 9 + 22 = v. What are the prime factors of 29/3 - s/(-6)?
2, 5
Suppose -9*n + 240 = -5*n. List the prime factors of n.
2, 3, 5
Suppose -29 = 3